{"id":46,"date":"2022-03-03T21:19:06","date_gmt":"2022-03-03T20:19:06","guid":{"rendered":"http:\/\/nathaliegien.fr\/?page_id=46"},"modified":"2024-03-15T16:13:07","modified_gmt":"2024-03-15T15:13:07","slug":"info_pratiques","status":"publish","type":"page","link":"https:\/\/nathaliegien.fr\/index.php\/info_pratiques\/","title":{"rendered":"Informations Pratiques"},"content":{"rendered":"\n<h1 class=\"wp-block-heading\" id=\"tarifs\">Tarifs<\/h1>\n\n\n\n<p class=\"has-background\" style=\"background-color:#e3e4e5\"><a href=\"https:\/\/nathaliegien.fr\/index.php\/hypnose-transpersonnelle\/\"><strong>Hypnose Transpersonnelle<\/strong><\/a>&nbsp;( 2-4h ) :<em><strong> <\/strong><\/em><strong>250 euros<\/strong> <br>        S\u00e9ance en ligne, enregistrement disponible apr\u00e8s la s\u00e9ance<\/p>\n\n\n\n<p><a href=\"https:\/\/nathaliegien.fr\/index.php\/thetahealing\/\"><strong>ThetaHealing<\/strong><\/a><strong>\u00ae <\/strong>  <br>\u00a0\u00a0\u00a0\u00a0\u00a0\u00a0\u00a0\u00a0<strong>Adulte classique <\/strong> ( 1h-1h30\u00a0) :  <br> \u00a0\u00a0\u00a0\u00a0\u00a0\u00a0\u00a0\u00a0\u00a0\u00a0\u00a0  Premi\u00e8re s\u00e9ance 1h30 : <strong> 120 euros<\/strong> <br> \u00a0\u00a0\u00a0\u00a0\u00a0\u00a0\u00a0\u00a0\u00a0\u00a0\u00a0  S\u00e9ances suivantes 1h : <strong> 90 euros<\/strong> <br> \u00a0\u00a0\u00a0\u00a0\u00a0\u00a0\u00a0\u00a0\u00a0\u00a0\u00a0 \u00a0\u00a0\u00a0\u00a0 \u00a0\u00a0\u00a0\u00a0\u00a0\u00a0\u00a0\u00a0\u00a0\u00a0\u00a0      \u00a0\u00a0\u00a0 \u00a0\u00a0\u00a0\u00a0\u00a0        \u00a0\u00a0\u00a0\u00a0\u00a0\u00a0\u00a0\u00a0\u00a0\u00a0  1h30 : <strong> 135 euros<\/strong>  <br> \u00a0\u00a0\u00a0\u00a0\u00a0\u00a0\u00a0\u00a0\u00a0\u00a0\u00a0 Possibilit\u00e9 \u00e9galement de r\u00e9aliser une s\u00e9ance parent enfant.<br> \u00a0\u00a0\u00a0\u00a0\u00a0\u00a0\u00a0\u00a0<strong><strong>Enfant, soin en autonomie<\/strong> <\/strong><sup>(*)<\/sup> :   <br> \u00a0\u00a0\u00a0\u00a0\u00a0\u00a0\u00a0\u00a0\u00a0\u00a0\u00a0  1\u00e8re s\u00e9ance  bilan incluant l\u2019entretien pr\u00e9alable oral ou \u00e9crit avec le parent : <strong> 90 euros<\/strong>  <br> \u00a0\u00a0\u00a0\u00a0\u00a0\u00a0\u00a0\u00a0\u00a0\u00a0\u00a0  Suivantes : <strong> 70 euros<\/strong> <br> \u00a0\u00a0\u00a0\u00a0\u00a0\u00a0\u00a0\u00a0\u00a0\u00a0\u00a0 Je me connecte \u00e0 votre enfant et je travaille sur une probl\u00e9matique choisie.<br> \u00a0\u00a0\u00a0\u00a0\u00a0\u00a0\u00a0\u00a0<strong>Animal, soin en autonomie <\/strong><sup>(*)<\/sup>\u00a0: <strong>70 euros<\/strong> <br> \u00a0\u00a0\u00a0\u00a0\u00a0\u00a0\u00a0\u00a0\u00a0\u00a0\u00a0 Travail \u00e0 distance sur une probl\u00e9matique \u00e0 traiter ou des informations \u00e0 lui demander ou \u00e0 lui donner.  <\/p>\n\n\n\n<p><em><sup>(*)<\/sup> Les s\u00e9ances enfants (une probl\u00e9matique \u00e0 travailler) et les s\u00e9ances de soins \u00e9nerg\u00e9tiques \/communication animale, ne n\u00e9cessitent pas forc\u00e9ment votre pr\u00e9sence, le travail se faisant enti\u00e8rement en connexion avec le cr\u00e9ateur. Tout est fait en accord avec la conscience sup\u00e9rieure de l\u2019enfant ou de l\u2019animal, \u00e0 chaque fois que j\u2019effectue une communication, ou un changement de croyance.<\/em> <br> <em> A la suite de ces s\u00e9ances je vous envoie ensuite un rapport audio via une application t\u00e9l\u00e9phonique de votre choix ou par message \u00e9crit.<\/em> <\/p>\n\n\n\n<div class=\"wp-block-buttons is-content-justification-center is-layout-flex wp-container-core-buttons-is-layout-16018d1d wp-block-buttons-is-layout-flex\">\n<div class=\"wp-block-button is-style-outline is-style-outline--1\"><a class=\"wp-block-button__link wp-element-button\" href=\"https:\/\/nathaliegien.fr\/index.php\/contact\/\">Contactez-moi<\/a><\/div>\n<\/div>\n\n\n\n<h1 class=\"wp-block-heading\" id=\"bon_cadeau\">Vous souhaitez offrir pour faire d\u00e9couvrir&nbsp;?<\/h1>\n\n\n\n<h2 class=\"wp-block-heading\"><strong>Faites leur d\u00e9couvrir un formidable outil pour se lib\u00e9rer, et acc\u00e9der \u00e0 une vie plus \u00e9panouie et plus compl\u00e8te&nbsp;:<\/strong><\/h2>\n\n\n\n<p>ThetaHealing<strong>\u00ae&nbsp;: <\/strong>l\u2019engagement th\u00e9rapeutique \u00e9tant particuli\u00e8rement important dans cette discipline, vous pourrez offrir uniquement une partie de la s\u00e9ance \u00e0 vos proches,&nbsp;afin de respecter celui-ci. Vous pouvez prendre contact avec moi pour plus de d\u00e9tails. <\/p>\n\n\n\n<p>Vous avez \u00e9galement la possibilit\u00e9 d\u2019offrir une s\u00e9ance d\u2019Hypnose Transpersonnelle<strong>\u00ae<\/strong> sous forme de bon cadeau, afin de faire d\u00e9couvrir cette technique \u00e0 vos proches.<\/p>\n\n\n\n<div class=\"wp-block-buttons is-content-justification-center is-layout-flex wp-container-core-buttons-is-layout-16018d1d wp-block-buttons-is-layout-flex\">\n<div class=\"wp-block-button is-style-outline is-style-outline--2\"><a class=\"wp-block-button__link wp-element-button\" href=\"https:\/\/nathaliegien.fr\/index.php\/contact\/\">Contactez-moi<\/a><\/div>\n<\/div>\n\n\n\n<h1 class=\"wp-block-heading\">R\u00e8glement<\/h1>\n\n\n\n<p>Le r\u00e8glement s\u2019effectue au plus tard 48h avant le rdv par virement bancaire ou ch\u00e8que.<\/p>\n\n\n\n<p>Un r\u00e8glement en deux fois par ch\u00e8que est possible, en cas de difficult\u00e9s.<\/p>\n\n\n\n<p class=\"has-light-green-cyan-background-color has-background\"><strong>Toute s\u00e9ance non d\u00e9command\u00e9e 48h \u00e0 l&rsquo;avance sera consid\u00e9r\u00e9e comme due devant l&rsquo;impossibilit\u00e9 de remplacer les rendez-vous dans un d\u00e9lai si court.<\/strong><\/p>\n\n\n\n<h1 class=\"wp-block-heading\" id=\"distance\">Consultation \u00e0 distance<\/h1>\n\n\n\n<p>Les s\u00e9ances ont lieu pr\u00e9f\u00e9rentiellement \u00e0 distance, en ligne, par rdv zoom, skype\u2026<\/p>\n\n\n\n<p><em><strong>Les soins sont d\u2019une efficacit\u00e9 identique en ligne, \u00e0 distance, l\u2019\u00e9nergie ne connaissant pas de limite physique. Je travaille donc avec des consultants dans la France enti\u00e8re, et m\u00eame dans le monde, pourvu qu\u2019ils soient francophones.<\/strong><\/em><\/p>\n\n\n\n<p><\/p>\n","protected":false},"excerpt":{"rendered":"<p>Tarifs Hypnose Transpersonnelle&nbsp;( 2-4h ) : 250 euros S\u00e9ance en ligne, enregistrement disponible apr\u00e8s la s\u00e9ance ThetaHealing\u00ae \u00a0\u00a0\u00a0\u00a0\u00a0\u00a0\u00a0\u00a0Adulte classique ( 1h-1h30\u00a0) : \u00a0\u00a0\u00a0\u00a0\u00a0\u00a0\u00a0\u00a0\u00a0\u00a0\u00a0 Premi\u00e8re s\u00e9ance 1h30 : 120 euros \u00a0\u00a0\u00a0\u00a0\u00a0\u00a0\u00a0\u00a0\u00a0\u00a0\u00a0 S\u00e9ances suivantes 1h : 90 euros \u00a0\u00a0\u00a0\u00a0\u00a0\u00a0\u00a0\u00a0\u00a0\u00a0\u00a0 \u00a0\u00a0\u00a0\u00a0 \u00a0\u00a0\u00a0\u00a0\u00a0\u00a0\u00a0\u00a0\u00a0\u00a0\u00a0 \u00a0\u00a0\u00a0 \u00a0\u00a0\u00a0\u00a0\u00a0 \u00a0\u00a0\u00a0\u00a0\u00a0\u00a0\u00a0\u00a0\u00a0\u00a0 1h30 : 135 euros \u00a0\u00a0\u00a0\u00a0\u00a0\u00a0\u00a0\u00a0\u00a0\u00a0\u00a0 Possibilit\u00e9 \u00e9galement de r\u00e9aliser une s\u00e9ance parent enfant. &hellip; <\/p>\n<p class=\"link-more\"><a href=\"https:\/\/nathaliegien.fr\/index.php\/info_pratiques\/\" class=\"more-link\">Continuer la lecture<span class=\"screen-reader-text\"> de &laquo;&nbsp;Informations Pratiques&nbsp;&raquo;<\/span><\/a><\/p>\n","protected":false},"author":1,"featured_media":0,"parent":0,"menu_order":0,"comment_status":"closed","ping_status":"closed","template":"","meta":{"footnotes":""},"class_list":["post-46","page","type-page","status-publish","hentry"],"_links":{"self":[{"href":"https:\/\/nathaliegien.fr\/index.php\/wp-json\/wp\/v2\/pages\/46","targetHints":{"allow":["GET"]}}],"collection":[{"href":"https:\/\/nathaliegien.fr\/index.php\/wp-json\/wp\/v2\/pages"}],"about":[{"href":"https:\/\/nathaliegien.fr\/index.php\/wp-json\/wp\/v2\/types\/page"}],"author":[{"embeddable":true,"href":"https:\/\/nathaliegien.fr\/index.php\/wp-json\/wp\/v2\/users\/1"}],"replies":[{"embeddable":true,"href":"https:\/\/nathaliegien.fr\/index.php\/wp-json\/wp\/v2\/comments?post=46"}],"version-history":[{"count":15,"href":"https:\/\/nathaliegien.fr\/index.php\/wp-json\/wp\/v2\/pages\/46\/revisions"}],"predecessor-version":[{"id":333,"href":"https:\/\/nathaliegien.fr\/index.php\/wp-json\/wp\/v2\/pages\/46\/revisions\/333"}],"wp:attachment":[{"href":"https:\/\/nathaliegien.fr\/index.php\/wp-json\/wp\/v2\/media?parent=46"}],"curies":[{"name":"wp","href":"https:\/\/api.w.org\/{rel}","templated":true}]}}